v be h(5). Let q = 499 - v. Calculate the greatest common divisor of 58 and q.
29
Let t(y) = 14*y + 372. Let m be t(-24). Calculate the highest common divisor of m and 111.
3
Let y = 238 - 209. Suppose -4*l - 2 = -3*l - 5*x, y = 2*l + x. What is the highest common factor of 65 and l?
13
Suppose -2026*q - 23 = -2067*q + 1002. Let g(i) = 69*i**3 - 5*i**2 + i + 4. Let u be g(3). Calculate the highest common factor of q and u.
25
Let b(p) be the second derivative of 1/3*p**3 - 11/2*p**2 + 0 + 9*p + 1/12*p**4. Let d be b(-6). What is the greatest common factor of d and 52?
13
Let i(k) = -4*k - 14. Let x be i(-4). Suppose 3*b + 1434 = 3*d, -x*d + b = -0*d - 958. What is the highest common factor of d and 15?
15
Let w = -5802 + 5835. Calculate the highest common factor of 451 and w.
11
Suppose -z + 2 = -x + 11, -x = 3*z - 5. Let h = -231 - -272. Suppose -h*w = -25*w - 128. What is the highest common divisor of x and w?
8
Let x be (-1 - -7)/(34/(-85)). Let f(r) = r**2 + 4*r - 36. Let l be f(x). Let m be (-6)/(-12)*(l + 1). Calculate the greatest common factor of m and 26.
13
Let j be 3/2*320/6. Suppose -i + 4*b = -32, 2*b - 6*b - 96 = -5*i. What is the highest common factor of j and i?
16
Let x = -1341 + 956. Let p = 925 + x. Calculate the greatest common factor of 15 and p.
15
Suppose -91 = 9*n - 55. Let f be n - -6 - -4 - -60. What is the highest common divisor of 264 and f?
66
Let b(k) = -k**3 - 13*k**2 + 12*k + 3. Let c be b(-14). Suppose 0 = -c*n + 6443 + 4407. Calculate the greatest common factor of 14 and n.
14
Suppose 7*a - 9*a - 12 = 0. Let g be (140/(-25))/(a/375). Calculate the greatest common divisor of 14 and g.
14
Suppose 2*n - 120 = 3*d, 4*n - 17 = -d - 71. Suppose 2*j + 5*z = -12 + 1, 0 = 3*j + 4*z + 13. Let h = j - d. Calculate the highest common divisor of h and 26.
13
Let f = -16 + 33. Suppose -h - 5*i + 126 = 0, 0 = 10873*h - 10875*h - 4*i + 264. Calculate the greatest common divisor of h and f.
17
Let t(g) = 2*g**2 + 2*g - 16. Let n be t(10). Calculate the greatest common divisor of n and 3162.
102
Let t be (-14)/((-102)/50 + 2). Let u(g) = 12*g**2 - 20*g - 9. Let s be u(-8). Suppose 14*r = s - 219. What is the highest common factor of r and t?
50
Let d(l) = -9*l**2 + 7*l - 9. Let p be d(5). Let q = -183 - p. What is the highest common factor of 2 and q?
2
Suppose 0 = 2*j, b - 9 = -5*j - 5. Let t be 6*(180/156 + b/(-26)). Calculate the highest common factor of t and 138.
6
Let a be (-64 + 79)/(3/2). Suppose 11*c = a*c + 169. What is the highest common factor of c and 13?
13
Suppose 0 = 6*d - 32*d + 52. Let y be ((-15)/9*d)/((-2)/12). Calculate the highest common divisor of 540 and y.
20
Let o(h) = 7*h**2 - 7*h - 8*h - h**3 - 3502 + 3544. Let d be o(4). What is the greatest common divisor of 30 and d?
30
Let i(t) = -t**3 - 3*t**2 - 16*t - 19. Let m be i(-6). Suppose m = 3*z - 145. What is the greatest common factor of 275 and z?
55
Let z(g) = 67*g + 1614. Let f be z(-24). Calculate the highest common factor of f and 903.
3
Let u(f) = -f**3 + 36*f**2 - 95*f + 73. Let x be u(21). What is the highest common divisor of x and 39?
13
Suppose 284*w + 130997 - 757217 = 0. Calculate the highest common factor of w and 2793.
147
Let o(z) = -53*z - 8. Let h be o(-6). Let r be (-434*(-34)/2142)/((-4)/(-18)). Calculate the greatest common factor of h and r.
31
Let x = 6216 + -6201. Calculate the greatest common divisor of x and 1440.
15
Let r = 375 + -377. Let j(z) = 59*z + 127. Let u be j(r). What is the greatest common factor of u and 261?
9
Let p(h) = 222*h - 1095. Let m be p(5). Calculate the highest common factor of 605 and m.
5
Let w be 1145/(-229) - ((-6)/9 + 298/(-3)). Calculate the greatest common factor of w and 133.
19
Let c = -77 + 80. Suppose 54 - 39 = c*w. What is the greatest common divisor of 2 and w?
1
Let z(j) = j**3 + j**2 - 14*j - 1. Let i be z(-4). Suppose 4*a + i - 51 = 0. What is the greatest common factor of 396 and a?
11
Let s(m) be the first derivative of m**3/3 + 7*m**2/2 + 10*m + 36. Let f be s(-6). Suppose -172 = -f*o + 148. Calculate the highest common factor of o and 32.
16
Let r = 1447 + -402. Let c = r - 229. Calculate the greatest common factor of c and 51.
51
Suppose 0 = -51*b + 2078 - 38. What is the highest common factor of b and 210?
10
Let u be (-16)/12*9/(-6) - -568. Let w be (-1)/((-3)/(-80))*(-1026)/u. Calculate the greatest common divisor of 16 and w.
16
Suppose -680 + 674 = 3*f. Let q be 27/(27/(-512))*f/4. What is the greatest common divisor of 320 and q?
64
Let w = -3339 + 4092. What is the greatest common divisor of 2008 and w?
251
Let w(u) = 6*u**3 + 12*u**2 - 61*u + 55. Let o be w(4). Suppose 4*v - 106 = 66. What is the greatest common factor of o and v?
43
Suppose 4*d - 9*d + 134 = -3*g, 0 = 2*d - 2*g - 52. Let x be 95/57 + d/3. Calculate the greatest common divisor of 209 and x.
11
Let w be 29/87 - (-1677)/(-9). Let j be ((-465)/w)/(((-5)/(-12))/5). Calculate the highest common factor of j and 45.
15
Let x(s) = 15 + 2*s**2 + 10*s - 9*s + 2*s**2 - s**2. Let o be x(0). Calculate the highest common divisor of 50 and o.
5
Suppose -13*u + 32*u = 16*u + 495. Suppose -5*s + 94 - 19 = 0. What is the greatest common factor of u and s?
15
Let x(y) = -20*y + 281. Let p(h) = -21*h + 282. Let i(v) = -6*p(v) + 7*x(v). Let f be i(0). What is the greatest common divisor of 25 and f?
25
Suppose -5*k + s + 445 = 0, 3*s = -2*k + s + 190. Let v be ((-3018)/(-24) - 3/(-12)) + -6. Calculate the greatest common factor of v and k.
30
Suppose -3 = -4*j + 25. Let d(i) = -187*i + 832. Let k be d(4). What is the highest common divisor of k and j?
7
Let a = 34586 - 20636. What is the highest common divisor of a and 180?
90
Let b be 30/((-14377)/2882 + 5). What is the greatest common factor of 20 and b?
20
Let m = 172 - 167. Suppose 0 = 3*l - k - 138 - 10, 0 = -5*l + m*k + 260. Calculate the greatest common factor of l and 16.
16
Let j(z) = -69 + 122 - 6*z + z**3 - 8*z**2 - 62. Let m be j(9). Suppose 7*g - 14 - 238 = 0. What is the highest common factor of g and m?
18
Let d(f) = f**2 - 24. Let c be d(0). Let t be 4/(c/3)*-128. Suppose 2*j - 98 = -t. What is the greatest common factor of 17 and j?
17
Let w be (64/40)/(14/(-5)) - 3981/(-21). Calculate the highest common factor of 231 and w.
21
Suppose -47*z - 34*z + 426792 + 809106 = 0. What is the highest common divisor of z and 6?
6
Let j(z) = -z**3 - 9*z**2 - 4*z - 5. Let u be j(-9). Let s(w) = -1533*w - 76. Let l be s(-1). What is the greatest common factor of u and l?
31
Let w(t) = -2*t**2 - 1. Let z(b) = -9*b**2 - 13*b - 41. Let h(k) = 4*w(k) - z(k). Let p be h(-11). Calculate the highest common divisor of p and 3.
3
Let p(k) = 12*k**3 + 7*k**2 + 26*k - 116. Let a be p(8). What is the greatest common factor of 24 and a?
12
Suppose 16 = 4*v, 557*v - 562*v = -5*r + 2460. Calculate the highest common factor of r and 31.
31
Suppose -5*s = 5, 3*i - 5*s - 9 = 2. Suppose 0*q = i*q - 12. Let l be 2/3 + 104/q. Calculate the highest common factor of 45 and l.
9
Suppose -24*m = -22*m - 30. Let r = m - -23. Calculate the greatest common divisor of r and 95.
19
Suppose 339*h - 327*h = 0. Suppose -o = -h*b - 3*b - 326, 336 = o - b. Calculate the greatest common divisor of 11 and o.
11
Suppose x - 4*x + 4*m = 687, -3*x + 2*m = 693. Let j = 315 + x. What is the greatest common factor of 656 and j?
82
Let d = -39 - -67. Calculate the greatest common factor of d and 5740.
28
Suppose 322 + 240 = 3*j - 5*s, 8 = -4*s. Let l = 103 + -27. Let n = j - l. Calculate the highest common divisor of 12 and n.
12
Let b be 3/9*(9098 + 124). What is the greatest common divisor of 212 and b?
106
Suppose -2*q + 90 = -2*g, -g + 2*g + 3*q + 61 = 0. Let o = 52 + g. Suppose -o*m = 3*m - 6. Calculate the highest common factor of m and 8.
1
Suppose 3*l - 8*l - 4*b + 376 = 0, -4*l = 5*b - 308. Let g(w) = 7*w - 5. Let s be g(5). Let t = l - s. Calculate the highest common factor of t and 28.
14
Let k be (1 - -1137)*(-410)/(-820). Calculate the highest common divisor of k and 1.
1
Let i(j) = 0 + 371*j - 21 - 362*j - 15. Let t = 29 - 17. Let f be i(t). Calculate the greatest common factor of 8 and f.
8
Let x(r) = r**3 + 8*r**2 - 73*r - 436. Let u be x(-11). Let v(l) = l**3 - 5*l**2 - 6*l + 4. Let k be v(6). Wh